{"id":1117,"date":"2021-08-17T20:17:55","date_gmt":"2021-08-17T18:17:55","guid":{"rendered":"https:\/\/hassanbousbaa.com\/?page_id=1117"},"modified":"2021-08-17T20:31:21","modified_gmt":"2021-08-17T18:31:21","slug":"principes-et-regles-de-fonctionnement-de-gpps","status":"publish","type":"page","link":"https:\/\/hassanbousbaa.com\/index.php\/principes-et-regles-de-fonctionnement-de-gpps\/","title":{"rendered":"Principes et r\u00e8gles de fonctionnement de GPPS"},"content":{"rendered":"\t\t<div data-elementor-type=\"wp-page\" data-elementor-id=\"1117\" class=\"elementor elementor-1117\">\n\t\t\t\t\t\t\t\t\t<section class=\"elementor-section elementor-top-section elementor-element elementor-element-27686f3 elementor-section-boxed elementor-section-height-default elementor-section-height-default\" data-id=\"27686f3\" data-element_type=\"section\">\n\t\t\t\t\t\t<div class=\"elementor-container elementor-column-gap-default\">\n\t\t\t\t\t<div class=\"elementor-column elementor-col-100 elementor-top-column elementor-element elementor-element-7ebfbfb\" data-id=\"7ebfbfb\" data-element_type=\"column\">\n\t\t\t<div class=\"elementor-widget-wrap elementor-element-populated\">\n\t\t\t\t\t\t\t\t<div class=\"elementor-element elementor-element-001ba33 elementor-widget elementor-widget-heading\" data-id=\"001ba33\" data-element_type=\"widget\" data-widget_type=\"heading.default\">\n\t\t\t\t<div class=\"elementor-widget-container\">\n\t\t\t<h2 class=\"elementor-heading-title elementor-size-xl\">Principes et r\u00e8gles de fonctionnement<\/h2>\t\t<\/div>\n\t\t\t\t<\/div>\n\t\t\t\t\t<\/div>\n\t\t<\/div>\n\t\t\t\t\t\t\t<\/div>\n\t\t<\/section>\n\t\t\t\t<section class=\"elementor-section elementor-top-section elementor-element elementor-element-b660335 elementor-section-boxed elementor-section-height-default elementor-section-height-default\" data-id=\"b660335\" data-element_type=\"section\">\n\t\t\t\t\t\t<div class=\"elementor-container elementor-column-gap-default\">\n\t\t\t\t\t<div class=\"elementor-column elementor-col-100 elementor-top-column elementor-element elementor-element-58bdba9\" data-id=\"58bdba9\" data-element_type=\"column\">\n\t\t\t<div class=\"elementor-widget-wrap elementor-element-populated\">\n\t\t\t\t\t\t\t\t<div class=\"elementor-element elementor-element-5c36829 elementor-widget elementor-widget-heading\" data-id=\"5c36829\" data-element_type=\"widget\" data-widget_type=\"heading.default\">\n\t\t\t\t<div class=\"elementor-widget-container\">\n\t\t\t<h3 class=\"elementor-heading-title elementor-size-default\"><i>Amiti\u00e9\u2026Bienveillance\u2026Respect<\/i><\/h3>\t\t<\/div>\n\t\t\t\t<\/div>\n\t\t\t\t\t<\/div>\n\t\t<\/div>\n\t\t\t\t\t\t\t<\/div>\n\t\t<\/section>\n\t\t\t\t<section class=\"elementor-section elementor-top-section elementor-element elementor-element-3be5614 elementor-section-boxed elementor-section-height-default elementor-section-height-default\" data-id=\"3be5614\" data-element_type=\"section\">\n\t\t\t\t\t\t<div class=\"elementor-container elementor-column-gap-default\">\n\t\t\t\t\t<div class=\"elementor-column elementor-col-100 elementor-top-column elementor-element elementor-element-f498c63\" data-id=\"f498c63\" data-element_type=\"column\">\n\t\t\t<div class=\"elementor-widget-wrap elementor-element-populated\">\n\t\t\t\t\t\t\t\t<div class=\"elementor-element elementor-element-03c2575 elementor-widget elementor-widget-text-editor\" data-id=\"03c2575\" data-element_type=\"widget\" data-widget_type=\"text-editor.default\">\n\t\t\t\t<div class=\"elementor-widget-container\">\n\t\t\t\t\t\t\t<p>La bonne amiti\u00e9 est le credo central de notre mouvement. L\u2019amiti\u00e9 fond\u00e9e sur l\u2019\u00e9thique et ayant pour but le bien de tous.<\/p>\t\t\t\t\t\t<\/div>\n\t\t\t\t<\/div>\n\t\t\t\t<div class=\"elementor-element elementor-element-5e2ecff elementor-widget elementor-widget-text-editor\" data-id=\"5e2ecff\" data-element_type=\"widget\" data-widget_type=\"text-editor.default\">\n\t\t\t\t<div class=\"elementor-widget-container\">\n\t\t\t\t\t\t\t<p>D\u00e9s la validation de leur adh\u00e9sion, tous les membres deviennent des \u00ab\u00a0amis\u00a0\u00bb. Plus pr\u00e9cis\u00e9ment , <strong>quatre statuts <\/strong>sont envisag\u00e9s\u00a0:<\/p><ul><li><strong>\u00ab\u00a0Ami Positiveur\u00a0\u00bb,<\/strong> d\u2019embl\u00e9e pour tous les inscrits qui s\u2019engagent \u00e0 d\u00e9velopper leur positivit\u00e9 personnelle\u00a0;<\/li><li><strong>\u00ab\u00a0Ami Diffuseur\u00a0\u00bb,<\/strong> pour ceux qui acceptent de promouvoir le mouvement aupr\u00e8s de leurs proches et connaissances (sans limitation de recommandations)\u00a0;<\/li><li><strong>\u00ab\u00a0Ami Ambassadeur\u00a0\u00bb, <\/strong>pour ceux qui veulent aller plus loin et <strong>animer une antenne du Mouvement au niveau d\u2019une localit\u00e9<\/strong> : pays, r\u00e9gion, communaut\u00e9 linguistique ou culturelle (francophone, anglophone, arabophone, hispanophone\u2026)\u00a0;<\/li><li><strong>\u00ab\u00a0Ami Partenaire Strat\u00e9gique\u00a0\u00bb\u00a0<\/strong>: pour des acteurs institutionnels ou priv\u00e9s, op\u00e9rant sur des th\u00e9matiques proches ou diff\u00e9rentes, qui croient en la coop\u00e9ration et la synergie, qui trouvent une valeur ajout\u00e9e et un int\u00e9r\u00eat compl\u00e9mentaire<strong>, \u00e0 faire conna\u00eetre notre Mouvement et nos contenus aupr\u00e8s de leur audience.<\/strong><\/li><\/ul>\t\t\t\t\t\t<\/div>\n\t\t\t\t<\/div>\n\t\t\t\t\t<\/div>\n\t\t<\/div>\n\t\t\t\t\t\t\t<\/div>\n\t\t<\/section>\n\t\t\t\t<section class=\"elementor-section elementor-top-section elementor-element elementor-element-ee9d1a5 elementor-section-boxed elementor-section-height-default elementor-section-height-default\" data-id=\"ee9d1a5\" data-element_type=\"section\">\n\t\t\t\t\t\t<div class=\"elementor-container elementor-column-gap-default\">\n\t\t\t\t\t<div class=\"elementor-column elementor-col-100 elementor-top-column elementor-element elementor-element-a50fc75\" data-id=\"a50fc75\" data-element_type=\"column\">\n\t\t\t<div class=\"elementor-widget-wrap elementor-element-populated\">\n\t\t\t\t\t\t\t\t<div class=\"elementor-element elementor-element-03977b9 elementor-widget elementor-widget-text-editor\" data-id=\"03977b9\" data-element_type=\"widget\" data-widget_type=\"text-editor.default\">\n\t\t\t\t<div class=\"elementor-widget-container\">\n\t\t\t\t\t\t\t<p>NB\u00a0: Les deux derniers statuts sont soumis \u00e0 conditions. Ils sont \u00e0 demander aupr\u00e8s de l\u2019administrateur (unique pour le moment) du Mouvement \u00e0 l\u2019adresse\u00a0:\u00a0 <a href=\"mailto:gpps@hassanbousbaa.com\">gpps@hassanbousbaa.com<\/a>. Leur octroi fait obligatoirement l\u2019objet d\u2019une convention de coop\u00e9ration ou de partenariat, \u00e9crite et d\u00fbment sign\u00e9e par l\u2019administrateur.<\/p>\t\t\t\t\t\t<\/div>\n\t\t\t\t<\/div>\n\t\t\t\t\t<\/div>\n\t\t<\/div>\n\t\t\t\t\t\t\t<\/div>\n\t\t<\/section>\n\t\t\t\t<section class=\"elementor-section elementor-top-section elementor-element elementor-element-036f679 elementor-section-boxed elementor-section-height-default elementor-section-height-default\" data-id=\"036f679\" data-element_type=\"section\">\n\t\t\t\t\t\t<div class=\"elementor-container elementor-column-gap-default\">\n\t\t\t\t\t<div class=\"elementor-column elementor-col-100 elementor-top-column elementor-element elementor-element-ad19441\" data-id=\"ad19441\" data-element_type=\"column\">\n\t\t\t<div class=\"elementor-widget-wrap elementor-element-populated\">\n\t\t\t\t\t\t\t\t<div class=\"elementor-element elementor-element-b2d79b1 elementor-widget elementor-widget-text-editor\" data-id=\"b2d79b1\" data-element_type=\"widget\" data-widget_type=\"text-editor.default\">\n\t\t\t\t<div class=\"elementor-widget-container\">\n\t\t\t\t\t\t\t<p>Les conditions \u00e0 remplir sont implicites et rel\u00e8vent du bon sens. Il s\u2019agit\u00a0:<\/p><ol><li>Faire montre d\u2019une amiti\u00e9 sinc\u00e8re envers tous les membres de la communaut\u00e9\u00a0;<\/li><li>Poursuivre le but commun\u00a0: l\u2019am\u00e9lioration individuelle et collective\u00a0;<\/li><li>Avoir un esprit positif et constructif.<\/li><\/ol>\t\t\t\t\t\t<\/div>\n\t\t\t\t<\/div>\n\t\t\t\t\t<\/div>\n\t\t<\/div>\n\t\t\t\t\t\t\t<\/div>\n\t\t<\/section>\n\t\t\t\t<section class=\"elementor-section elementor-top-section elementor-element elementor-element-7cdfe0a elementor-section-boxed elementor-section-height-default elementor-section-height-default\" data-id=\"7cdfe0a\" data-element_type=\"section\">\n\t\t\t\t\t\t<div class=\"elementor-container elementor-column-gap-default\">\n\t\t\t\t\t<div class=\"elementor-column elementor-col-100 elementor-top-column elementor-element elementor-element-bf1c97e\" data-id=\"bf1c97e\" data-element_type=\"column\">\n\t\t\t<div class=\"elementor-widget-wrap elementor-element-populated\">\n\t\t\t\t\t\t\t\t<div class=\"elementor-element elementor-element-695a0ca elementor-widget elementor-widget-text-editor\" data-id=\"695a0ca\" data-element_type=\"widget\" data-widget_type=\"text-editor.default\">\n\t\t\t\t<div class=\"elementor-widget-container\">\n\t\t\t\t\t\t\t<p>Etre positif repose aussi sur <strong>des valeurs explicites,<\/strong> que le Mouvement s\u2019emploie \u00e0 \u00a0promouvoir, telles que\u00a0:<\/p><ul><li>L\u2019amiti\u00e9 et la bienveillance\u00a0;<\/li><li>La responsabilit\u00e9 et l\u2019engagement\u00a0personnels ;<\/li><li>La positivit\u00e9\u00a0;<\/li><li>Le progr\u00e8s\u00a0;<\/li><li>Le civisme et la solidarit\u00e9.<\/li><\/ul>\t\t\t\t\t\t<\/div>\n\t\t\t\t<\/div>\n\t\t\t\t\t<\/div>\n\t\t<\/div>\n\t\t\t\t\t\t\t<\/div>\n\t\t<\/section>\n\t\t\t\t<section class=\"elementor-section elementor-top-section elementor-element elementor-element-f3fbb5a elementor-section-boxed elementor-section-height-default elementor-section-height-default\" data-id=\"f3fbb5a\" data-element_type=\"section\">\n\t\t\t\t\t\t<div class=\"elementor-container elementor-column-gap-default\">\n\t\t\t\t\t<div class=\"elementor-column elementor-col-100 elementor-top-column elementor-element elementor-element-2873e6e\" data-id=\"2873e6e\" data-element_type=\"column\">\n\t\t\t<div class=\"elementor-widget-wrap elementor-element-populated\">\n\t\t\t\t\t\t\t\t<div class=\"elementor-element elementor-element-3dc1803 elementor-widget elementor-widget-text-editor\" data-id=\"3dc1803\" data-element_type=\"widget\" data-widget_type=\"text-editor.default\">\n\t\t\t\t<div class=\"elementor-widget-container\">\n\t\t\t\t\t\t\t<p>Il incombe \u00e0 chaque membre de porter et d\u2019incarner au mieux ces valeurs et <strong>de donner le bon exemple<\/strong> de tol\u00e9rance, de respect et du bien vivre ensemble.<\/p>\t\t\t\t\t\t<\/div>\n\t\t\t\t<\/div>\n\t\t\t\t\t<\/div>\n\t\t<\/div>\n\t\t\t\t\t\t\t<\/div>\n\t\t<\/section>\n\t\t\t\t<section class=\"elementor-section elementor-top-section elementor-element elementor-element-8c72003 elementor-section-boxed elementor-section-height-default elementor-section-height-default\" data-id=\"8c72003\" data-element_type=\"section\">\n\t\t\t\t\t\t<div class=\"elementor-container elementor-column-gap-default\">\n\t\t\t\t\t<div class=\"elementor-column elementor-col-100 elementor-top-column elementor-element elementor-element-ec9bc65\" data-id=\"ec9bc65\" data-element_type=\"column\">\n\t\t\t<div class=\"elementor-widget-wrap elementor-element-populated\">\n\t\t\t\t\t\t\t\t<div class=\"elementor-element elementor-element-06d5979 elementor-widget elementor-widget-text-editor\" data-id=\"06d5979\" data-element_type=\"widget\" data-widget_type=\"text-editor.default\">\n\t\t\t\t<div class=\"elementor-widget-container\">\n\t\t\t\t\t\t\t<p>\u00a0NB\u00a0: Pour favoriser une motivation durable, nous conseillons \u00e0 chaque adh\u00e9rent d\u2019\u00e9crire et de signer un engagement personnel (<a href=\"https:\/\/hassanbousbaa.com\/wp-content\/uploads\/2021\/08\/MON-ENGAGEMENT-PERSONNEL.pdf\">MON ENGAGEMENT PERSONNEL<\/a>). Il le gardera et le relira en cas de besoin pour se rappeler le pourquoi de son engagement. C\u2019est vivement conseill\u00e9, mais facultatif et nullement obligatoire.<\/p>\t\t\t\t\t\t<\/div>\n\t\t\t\t<\/div>\n\t\t\t\t\t<\/div>\n\t\t<\/div>\n\t\t\t\t\t\t\t<\/div>\n\t\t<\/section>\n\t\t\t\t<section class=\"elementor-section elementor-top-section elementor-element elementor-element-47dda53 elementor-section-boxed elementor-section-height-default elementor-section-height-default\" data-id=\"47dda53\" data-element_type=\"section\">\n\t\t\t\t\t\t<div class=\"elementor-container elementor-column-gap-default\">\n\t\t\t\t\t<div class=\"elementor-column elementor-col-100 elementor-top-column elementor-element elementor-element-9ddc334\" data-id=\"9ddc334\" data-element_type=\"column\">\n\t\t\t<div class=\"elementor-widget-wrap elementor-element-populated\">\n\t\t\t\t\t\t\t\t<div class=\"elementor-element elementor-element-aaeff7d elementor-widget elementor-widget-text-editor\" data-id=\"aaeff7d\" data-element_type=\"widget\" data-widget_type=\"text-editor.default\">\n\t\t\t\t<div class=\"elementor-widget-container\">\n\t\t\t\t\t\t\t<p>Les membres du groupe ont la libert\u00e9\u00a0:<\/p><ul><li>de penser, de participer, de partager et de s\u2019entraider\u00a0;<\/li><li>de publier des messages motivants ou inspirants\u00a0;<\/li><li>de faire des commentaires ou partager des informations utiles li\u00e9es \u00e0 notre th\u00e9matique\u00a0;<\/li><li>d\u2019interagir les uns avec les autres\u00a0;<\/li><li>de participer au d\u00e9bat d\u2019id\u00e9es, de critiquer, mais avec amabilit\u00e9 et dans le strict respect des personnes et de leurs points de vue, sans jugement de valeur d\u00e9sobligeant, ni animosit\u00e9.<\/li><\/ul>\t\t\t\t\t\t<\/div>\n\t\t\t\t<\/div>\n\t\t\t\t\t<\/div>\n\t\t<\/div>\n\t\t\t\t\t\t\t<\/div>\n\t\t<\/section>\n\t\t\t\t<section class=\"elementor-section elementor-top-section elementor-element elementor-element-7fcee68 elementor-section-boxed elementor-section-height-default elementor-section-height-default\" data-id=\"7fcee68\" data-element_type=\"section\">\n\t\t\t\t\t\t<div class=\"elementor-container elementor-column-gap-default\">\n\t\t\t\t\t<div class=\"elementor-column elementor-col-100 elementor-top-column elementor-element elementor-element-3d8f92c\" data-id=\"3d8f92c\" data-element_type=\"column\">\n\t\t\t<div class=\"elementor-widget-wrap elementor-element-populated\">\n\t\t\t\t\t\t\t\t<div class=\"elementor-element elementor-element-95d72d7 elementor-widget elementor-widget-text-editor\" data-id=\"95d72d7\" data-element_type=\"widget\" data-widget_type=\"text-editor.default\">\n\t\t\t\t<div class=\"elementor-widget-container\">\n\t\t\t\t\t\t\t<p>Toutefois, ce r\u00e9seau ne peut servir d\u2019espace pour\u00a0:<\/p><ul><li>Commercialiser des produits personnels ou des liens affili\u00e9s \u00e0 des produits ou services\u00a0;<\/li><li>Promouvoir des blogs, des pages Facebook ou d\u2019autres groupes ;<\/li><li>Solliciter des \u00ab j\u2019aime \u00bb ou des \u00ab Clics \u00bb pour le compte d\u2019autres pages, des blogs, des programmes, des entreprises et des causes sociales en dehors du groupe ;<\/li><li>Publier des photos comportant des liens cach\u00e9s vers d\u2019autres pages ou d\u2019autres sites\u00a0;<\/li><li>Faire de la propagande politique, ethnique ou raciale\u00a0; notre mouvement est <strong>apolitique, totalement acquis et ouvert \u00e0 la diversit\u00e9 et \u00e0 la tol\u00e9rance.<\/strong><\/li><\/ul>\t\t\t\t\t\t<\/div>\n\t\t\t\t<\/div>\n\t\t\t\t\t<\/div>\n\t\t<\/div>\n\t\t\t\t\t\t\t<\/div>\n\t\t<\/section>\n\t\t\t\t\t\t\t<\/div>\n\t\t","protected":false},"excerpt":{"rendered":"<p>Principes et r\u00e8gles de fonctionnement Amiti\u00e9\u2026Bienveillance\u2026Respect La bonne amiti\u00e9 est le credo central de notre mouvement. L\u2019amiti\u00e9 fond\u00e9e sur l\u2019\u00e9thique et ayant pour but le bien de tous. D\u00e9s la validation de leur adh\u00e9sion, tous les membres deviennent des \u00ab\u00a0amis\u00a0\u00bb. Plus pr\u00e9cis\u00e9ment , quatre statuts sont envisag\u00e9s\u00a0: \u00ab\u00a0Ami Positiveur\u00a0\u00bb, d\u2019embl\u00e9e pour tous les inscrits qui&hellip;&nbsp;<a href=\"https:\/\/hassanbousbaa.com\/index.php\/principes-et-regles-de-fonctionnement-de-gpps\/\" class=\"\" rel=\"bookmark\">Lire la suite &raquo;<span class=\"screen-reader-text\">Principes et r\u00e8gles de fonctionnement de GPPS<\/span><\/a><\/p>\n","protected":false},"author":1,"featured_media":0,"parent":0,"menu_order":0,"comment_status":"closed","ping_status":"closed","template":"page-templates\/template-pagebuilder-full-width.php","meta":{"neve_meta_sidebar":"full-width","neve_meta_container":"","neve_meta_enable_content_width":"on","neve_meta_content_width":100,"neve_meta_title_alignment":"","neve_meta_author_avatar":"","neve_post_elements_order":"","neve_meta_disable_header":"","neve_meta_disable_footer":"","neve_meta_disable_title":"","footnotes":""},"class_list":["post-1117","page","type-page","status-publish","hentry"],"yoast_head":"<!-- This site is optimized with the Yoast SEO plugin v24.9 - https:\/\/yoast.com\/wordpress\/plugins\/seo\/ -->\n<title>Principes et r\u00e8gles de fonctionnement de GPPS - Hassan Bousbaa<\/title>\n<meta name=\"robots\" content=\"index, follow, max-snippet:-1, max-image-preview:large, max-video-preview:-1\" \/>\n<link rel=\"canonical\" href=\"https:\/\/hassanbousbaa.com\/index.php\/principes-et-regles-de-fonctionnement-de-gpps\/\" \/>\n<meta property=\"og:locale\" content=\"fr_FR\" \/>\n<meta property=\"og:type\" content=\"article\" \/>\n<meta property=\"og:title\" content=\"Principes et r\u00e8gles de fonctionnement de GPPS - Hassan Bousbaa\" \/>\n<meta property=\"og:description\" content=\"Principes et r\u00e8gles de fonctionnement Amiti\u00e9\u2026Bienveillance\u2026Respect La bonne amiti\u00e9 est le credo central de notre mouvement. L\u2019amiti\u00e9 fond\u00e9e sur l\u2019\u00e9thique et ayant pour but le bien de tous. D\u00e9s la validation de leur adh\u00e9sion, tous les membres deviennent des \u00ab\u00a0amis\u00a0\u00bb. Plus pr\u00e9cis\u00e9ment , quatre statuts sont envisag\u00e9s\u00a0: \u00ab\u00a0Ami Positiveur\u00a0\u00bb, d\u2019embl\u00e9e pour tous les inscrits qui&hellip;&nbsp;Lire la suite &raquo;Principes et r\u00e8gles de fonctionnement de GPPS\" \/>\n<meta property=\"og:url\" content=\"https:\/\/hassanbousbaa.com\/index.php\/principes-et-regles-de-fonctionnement-de-gpps\/\" \/>\n<meta property=\"og:site_name\" content=\"Hassan Bousbaa\" \/>\n<meta property=\"article:modified_time\" content=\"2021-08-17T18:31:21+00:00\" \/>\n<meta name=\"twitter:card\" content=\"summary_large_image\" \/>\n<meta name=\"twitter:label1\" content=\"Dur\u00e9e de lecture estim\u00e9e\" \/>\n\t<meta name=\"twitter:data1\" content=\"3 minutes\" \/>\n<script type=\"application\/ld+json\" class=\"yoast-schema-graph\">{\"@context\":\"https:\/\/schema.org\",\"@graph\":[{\"@type\":\"WebPage\",\"@id\":\"https:\/\/hassanbousbaa.com\/index.php\/principes-et-regles-de-fonctionnement-de-gpps\/\",\"url\":\"https:\/\/hassanbousbaa.com\/index.php\/principes-et-regles-de-fonctionnement-de-gpps\/\",\"name\":\"Principes et r\u00e8gles de fonctionnement de GPPS - Hassan Bousbaa\",\"isPartOf\":{\"@id\":\"https:\/\/hassanbousbaa.com\/#website\"},\"datePublished\":\"2021-08-17T18:17:55+00:00\",\"dateModified\":\"2021-08-17T18:31:21+00:00\",\"breadcrumb\":{\"@id\":\"https:\/\/hassanbousbaa.com\/index.php\/principes-et-regles-de-fonctionnement-de-gpps\/#breadcrumb\"},\"inLanguage\":\"fr-FR\",\"potentialAction\":[{\"@type\":\"ReadAction\",\"target\":[\"https:\/\/hassanbousbaa.com\/index.php\/principes-et-regles-de-fonctionnement-de-gpps\/\"]}]},{\"@type\":\"BreadcrumbList\",\"@id\":\"https:\/\/hassanbousbaa.com\/index.php\/principes-et-regles-de-fonctionnement-de-gpps\/#breadcrumb\",\"itemListElement\":[{\"@type\":\"ListItem\",\"position\":1,\"name\":\"Accueil\",\"item\":\"https:\/\/hassanbousbaa.com\/\"},{\"@type\":\"ListItem\",\"position\":2,\"name\":\"Principes et r\u00e8gles de fonctionnement de GPPS\"}]},{\"@type\":\"WebSite\",\"@id\":\"https:\/\/hassanbousbaa.com\/#website\",\"url\":\"https:\/\/hassanbousbaa.com\/\",\"name\":\"Hassan Bousbaa\",\"description\":\"Hassan Bousbaa\",\"potentialAction\":[{\"@type\":\"SearchAction\",\"target\":{\"@type\":\"EntryPoint\",\"urlTemplate\":\"https:\/\/hassanbousbaa.com\/?s={search_term_string}\"},\"query-input\":{\"@type\":\"PropertyValueSpecification\",\"valueRequired\":true,\"valueName\":\"search_term_string\"}}],\"inLanguage\":\"fr-FR\"}]}<\/script>\n<!-- \/ Yoast SEO plugin. -->","yoast_head_json":{"title":"Principes et r\u00e8gles de fonctionnement de GPPS - Hassan Bousbaa","robots":{"index":"index","follow":"follow","max-snippet":"max-snippet:-1","max-image-preview":"max-image-preview:large","max-video-preview":"max-video-preview:-1"},"canonical":"https:\/\/hassanbousbaa.com\/index.php\/principes-et-regles-de-fonctionnement-de-gpps\/","og_locale":"fr_FR","og_type":"article","og_title":"Principes et r\u00e8gles de fonctionnement de GPPS - Hassan Bousbaa","og_description":"Principes et r\u00e8gles de fonctionnement Amiti\u00e9\u2026Bienveillance\u2026Respect La bonne amiti\u00e9 est le credo central de notre mouvement. L\u2019amiti\u00e9 fond\u00e9e sur l\u2019\u00e9thique et ayant pour but le bien de tous. D\u00e9s la validation de leur adh\u00e9sion, tous les membres deviennent des \u00ab\u00a0amis\u00a0\u00bb. Plus pr\u00e9cis\u00e9ment , quatre statuts sont envisag\u00e9s\u00a0: \u00ab\u00a0Ami Positiveur\u00a0\u00bb, d\u2019embl\u00e9e pour tous les inscrits qui&hellip;&nbsp;Lire la suite &raquo;Principes et r\u00e8gles de fonctionnement de GPPS","og_url":"https:\/\/hassanbousbaa.com\/index.php\/principes-et-regles-de-fonctionnement-de-gpps\/","og_site_name":"Hassan Bousbaa","article_modified_time":"2021-08-17T18:31:21+00:00","twitter_card":"summary_large_image","twitter_misc":{"Dur\u00e9e de lecture estim\u00e9e":"3 minutes"},"schema":{"@context":"https:\/\/schema.org","@graph":[{"@type":"WebPage","@id":"https:\/\/hassanbousbaa.com\/index.php\/principes-et-regles-de-fonctionnement-de-gpps\/","url":"https:\/\/hassanbousbaa.com\/index.php\/principes-et-regles-de-fonctionnement-de-gpps\/","name":"Principes et r\u00e8gles de fonctionnement de GPPS - Hassan Bousbaa","isPartOf":{"@id":"https:\/\/hassanbousbaa.com\/#website"},"datePublished":"2021-08-17T18:17:55+00:00","dateModified":"2021-08-17T18:31:21+00:00","breadcrumb":{"@id":"https:\/\/hassanbousbaa.com\/index.php\/principes-et-regles-de-fonctionnement-de-gpps\/#breadcrumb"},"inLanguage":"fr-FR","potentialAction":[{"@type":"ReadAction","target":["https:\/\/hassanbousbaa.com\/index.php\/principes-et-regles-de-fonctionnement-de-gpps\/"]}]},{"@type":"BreadcrumbList","@id":"https:\/\/hassanbousbaa.com\/index.php\/principes-et-regles-de-fonctionnement-de-gpps\/#breadcrumb","itemListElement":[{"@type":"ListItem","position":1,"name":"Accueil","item":"https:\/\/hassanbousbaa.com\/"},{"@type":"ListItem","position":2,"name":"Principes et r\u00e8gles de fonctionnement de GPPS"}]},{"@type":"WebSite","@id":"https:\/\/hassanbousbaa.com\/#website","url":"https:\/\/hassanbousbaa.com\/","name":"Hassan Bousbaa","description":"Hassan Bousbaa","potentialAction":[{"@type":"SearchAction","target":{"@type":"EntryPoint","urlTemplate":"https:\/\/hassanbousbaa.com\/?s={search_term_string}"},"query-input":{"@type":"PropertyValueSpecification","valueRequired":true,"valueName":"search_term_string"}}],"inLanguage":"fr-FR"}]}},"jetpack_sharing_enabled":true,"_links":{"self":[{"href":"https:\/\/hassanbousbaa.com\/index.php\/wp-json\/wp\/v2\/pages\/1117","targetHints":{"allow":["GET"]}}],"collection":[{"href":"https:\/\/hassanbousbaa.com\/index.php\/wp-json\/wp\/v2\/pages"}],"about":[{"href":"https:\/\/hassanbousbaa.com\/index.php\/wp-json\/wp\/v2\/types\/page"}],"author":[{"embeddable":true,"href":"https:\/\/hassanbousbaa.com\/index.php\/wp-json\/wp\/v2\/users\/1"}],"replies":[{"embeddable":true,"href":"https:\/\/hassanbousbaa.com\/index.php\/wp-json\/wp\/v2\/comments?post=1117"}],"version-history":[{"count":18,"href":"https:\/\/hassanbousbaa.com\/index.php\/wp-json\/wp\/v2\/pages\/1117\/revisions"}],"predecessor-version":[{"id":1136,"href":"https:\/\/hassanbousbaa.com\/index.php\/wp-json\/wp\/v2\/pages\/1117\/revisions\/1136"}],"wp:attachment":[{"href":"https:\/\/hassanbousbaa.com\/index.php\/wp-json\/wp\/v2\/media?parent=1117"}],"curies":[{"name":"wp","href":"https:\/\/api.w.org\/{rel}","templated":true}]}}