{"id":11,"date":"2020-10-30T18:17:18","date_gmt":"2020-10-30T17:17:18","guid":{"rendered":"https:\/\/hassanbousbaa.com\/?page_id=11"},"modified":"2021-05-01T16:18:51","modified_gmt":"2021-05-01T14:18:51","slug":"mon-combat","status":"publish","type":"page","link":"https:\/\/hassanbousbaa.com\/index.php\/mon-combat\/","title":{"rendered":"Mon combat"},"content":{"rendered":"\t\t<div data-elementor-type=\"wp-page\" data-elementor-id=\"11\" class=\"elementor elementor-11\">\n\t\t\t\t\t\t\t\t\t<section class=\"elementor-section elementor-top-section elementor-element elementor-element-bdf5a8f elementor-section-boxed elementor-section-height-default elementor-section-height-default\" data-id=\"bdf5a8f\" data-element_type=\"section\">\n\t\t\t\t\t\t<div class=\"elementor-container elementor-column-gap-default\">\n\t\t\t\t\t<div class=\"elementor-column elementor-col-100 elementor-top-column elementor-element elementor-element-40ae300\" data-id=\"40ae300\" data-element_type=\"column\">\n\t\t\t<div class=\"elementor-widget-wrap elementor-element-populated\">\n\t\t\t\t\t\t\t\t<div class=\"elementor-element elementor-element-b0172ce elementor-widget elementor-widget-heading\" data-id=\"b0172ce\" data-element_type=\"widget\" data-widget_type=\"heading.default\">\n\t\t\t\t<div class=\"elementor-widget-container\">\n\t\t\t<h2 class=\"elementor-heading-title elementor-size-xl\">Mon combat<\/h2>\t\t<\/div>\n\t\t\t\t<\/div>\n\t\t\t\t\t<\/div>\n\t\t<\/div>\n\t\t\t\t\t\t\t<\/div>\n\t\t<\/section>\n\t\t\t\t<section class=\"elementor-section elementor-top-section elementor-element elementor-element-bc5946b elementor-section-boxed elementor-section-height-default elementor-section-height-default\" data-id=\"bc5946b\" data-element_type=\"section\">\n\t\t\t\t\t\t<div class=\"elementor-container elementor-column-gap-default\">\n\t\t\t\t\t<div class=\"elementor-column elementor-col-50 elementor-top-column elementor-element elementor-element-883ced2\" data-id=\"883ced2\" data-element_type=\"column\">\n\t\t\t<div class=\"elementor-widget-wrap elementor-element-populated\">\n\t\t\t\t\t\t\t\t<div class=\"elementor-element elementor-element-7970634 elementor-widget elementor-widget-text-editor\" data-id=\"7970634\" data-element_type=\"widget\" data-widget_type=\"text-editor.default\">\n\t\t\t\t<div class=\"elementor-widget-container\">\n\t\t\t\t\t\t\t<p style=\"text-align: right;\">\u00ab Pour gagner leur vie, les hommes oublient de vivre.\u00bb<\/p>\t\t\t\t\t\t<\/div>\n\t\t\t\t<\/div>\n\t\t\t\t\t<\/div>\n\t\t<\/div>\n\t\t\t\t<div class=\"elementor-column elementor-col-50 elementor-top-column elementor-element elementor-element-6e4032d\" data-id=\"6e4032d\" data-element_type=\"column\">\n\t\t\t<div class=\"elementor-widget-wrap elementor-element-populated\">\n\t\t\t\t\t\t\t\t<div class=\"elementor-element elementor-element-19fc92a elementor-widget elementor-widget-text-editor\" data-id=\"19fc92a\" data-element_type=\"widget\" data-widget_type=\"text-editor.default\">\n\t\t\t\t<div class=\"elementor-widget-container\">\n\t\t\t\t\t\t\t<p>Margaret Fuller<\/p>\t\t\t\t\t\t<\/div>\n\t\t\t\t<\/div>\n\t\t\t\t\t<\/div>\n\t\t<\/div>\n\t\t\t\t\t\t\t<\/div>\n\t\t<\/section>\n\t\t\t\t<section class=\"elementor-section elementor-top-section elementor-element elementor-element-d81bdff elementor-section-boxed elementor-section-height-default elementor-section-height-default\" data-id=\"d81bdff\" data-element_type=\"section\">\n\t\t\t\t\t\t<div class=\"elementor-container elementor-column-gap-default\">\n\t\t\t\t\t<div class=\"elementor-column elementor-col-50 elementor-top-column elementor-element elementor-element-40acc27\" data-id=\"40acc27\" data-element_type=\"column\">\n\t\t\t<div class=\"elementor-widget-wrap elementor-element-populated\">\n\t\t\t\t\t\t\t\t<div class=\"elementor-element elementor-element-6ba2a44 elementor-widget elementor-widget-text-editor\" data-id=\"6ba2a44\" data-element_type=\"widget\" data-widget_type=\"text-editor.default\">\n\t\t\t\t<div class=\"elementor-widget-container\">\n\t\t\t\t\t\t\t<p style=\"text-align: right;\">\u00ab Ils sont comp\u00e9tents, occup\u00e9s, press\u00e9s mais ne vivent pas du tout.\u00bb<\/p>\t\t\t\t\t\t<\/div>\n\t\t\t\t<\/div>\n\t\t\t\t\t<\/div>\n\t\t<\/div>\n\t\t\t\t<div class=\"elementor-column elementor-col-50 elementor-top-column elementor-element elementor-element-6b6916f\" data-id=\"6b6916f\" data-element_type=\"column\">\n\t\t\t<div class=\"elementor-widget-wrap elementor-element-populated\">\n\t\t\t\t\t\t\t\t<div class=\"elementor-element elementor-element-7e380e6 elementor-widget elementor-widget-text-editor\" data-id=\"7e380e6\" data-element_type=\"widget\" data-widget_type=\"text-editor.default\">\n\t\t\t\t<div class=\"elementor-widget-container\">\n\t\t\t\t\t\t\t<p>Anne Morrow Lindbergh<\/p>\t\t\t\t\t\t<\/div>\n\t\t\t\t<\/div>\n\t\t\t\t\t<\/div>\n\t\t<\/div>\n\t\t\t\t\t\t\t<\/div>\n\t\t<\/section>\n\t\t\t\t<section class=\"elementor-section elementor-top-section elementor-element elementor-element-e6fbf98 elementor-section-boxed elementor-section-height-default elementor-section-height-default\" data-id=\"e6fbf98\" data-element_type=\"section\">\n\t\t\t\t\t\t<div class=\"elementor-container elementor-column-gap-default\">\n\t\t\t\t\t<div class=\"elementor-column elementor-col-50 elementor-top-column elementor-element elementor-element-5d04c3d\" data-id=\"5d04c3d\" data-element_type=\"column\">\n\t\t\t<div class=\"elementor-widget-wrap elementor-element-populated\">\n\t\t\t\t\t\t\t\t<div class=\"elementor-element elementor-element-c02ca16 elementor-widget elementor-widget-text-editor\" data-id=\"c02ca16\" data-element_type=\"widget\" data-widget_type=\"text-editor.default\">\n\t\t\t\t<div class=\"elementor-widget-container\">\n\t\t\t\t\t\t\t<p style=\"text-align: right;\">\u00ab La vie&#8230;, c&rsquo;est une eau que les jeunes gens laissent couler, sans le savoir, entre leurs doigts ouverts \u00bb<\/p>\t\t\t\t\t\t<\/div>\n\t\t\t\t<\/div>\n\t\t\t\t\t<\/div>\n\t\t<\/div>\n\t\t\t\t<div class=\"elementor-column elementor-col-50 elementor-top-column elementor-element elementor-element-2e557d9\" data-id=\"2e557d9\" data-element_type=\"column\">\n\t\t\t<div class=\"elementor-widget-wrap elementor-element-populated\">\n\t\t\t\t\t\t\t\t<div class=\"elementor-element elementor-element-ee2c1c8 elementor-widget elementor-widget-text-editor\" data-id=\"ee2c1c8\" data-element_type=\"widget\" data-widget_type=\"text-editor.default\">\n\t\t\t\t<div class=\"elementor-widget-container\">\n\t\t\t\t\t\t\t<p>Jean Anouilh<\/p>\t\t\t\t\t\t<\/div>\n\t\t\t\t<\/div>\n\t\t\t\t\t<\/div>\n\t\t<\/div>\n\t\t\t\t\t\t\t<\/div>\n\t\t<\/section>\n\t\t\t\t<section class=\"elementor-section elementor-top-section elementor-element elementor-element-f676043 elementor-section-full_width elementor-section-height-default elementor-section-height-default\" data-id=\"f676043\" data-element_type=\"section\">\n\t\t\t\t\t\t<div class=\"elementor-container elementor-column-gap-default\">\n\t\t\t\t\t<div class=\"elementor-column elementor-col-100 elementor-top-column elementor-element elementor-element-25158d2\" data-id=\"25158d2\" data-element_type=\"column\">\n\t\t\t<div class=\"elementor-widget-wrap elementor-element-populated\">\n\t\t\t\t\t\t\t\t<div class=\"elementor-element elementor-element-8d60b77 elementor-widget elementor-widget-image\" data-id=\"8d60b77\" data-element_type=\"widget\" data-widget_type=\"image.default\">\n\t\t\t\t<div class=\"elementor-widget-container\">\n\t\t\t\t\t\t\t\t\t\t\t\t\t\t\t<img loading=\"lazy\" decoding=\"async\" width=\"1024\" height=\"329\" src=\"https:\/\/hassanbousbaa.com\/wp-content\/uploads\/2020\/11\/alps-3037996_1920-Copie-1024x329.jpg\" class=\"attachment-large size-large wp-image-109\" alt=\"\" srcset=\"https:\/\/hassanbousbaa.com\/wp-content\/uploads\/2020\/11\/alps-3037996_1920-Copie-1024x329.jpg 1024w, https:\/\/hassanbousbaa.com\/wp-content\/uploads\/2020\/11\/alps-3037996_1920-Copie-300x96.jpg 300w, https:\/\/hassanbousbaa.com\/wp-content\/uploads\/2020\/11\/alps-3037996_1920-Copie-768x246.jpg 768w, https:\/\/hassanbousbaa.com\/wp-content\/uploads\/2020\/11\/alps-3037996_1920-Copie-1536x493.jpg 1536w, https:\/\/hassanbousbaa.com\/wp-content\/uploads\/2020\/11\/alps-3037996_1920-Copie.jpg 1920w\" sizes=\"auto, (max-width: 1024px) 100vw, 1024px\" \/>\t\t\t\t\t\t\t\t\t\t\t\t\t\t\t<\/div>\n\t\t\t\t<\/div>\n\t\t\t\t\t<\/div>\n\t\t<\/div>\n\t\t\t\t\t\t\t<\/div>\n\t\t<\/section>\n\t\t\t\t<section class=\"elementor-section elementor-top-section elementor-element elementor-element-b2b1baf elementor-section-boxed elementor-section-height-default elementor-section-height-default\" data-id=\"b2b1baf\" data-element_type=\"section\">\n\t\t\t\t\t\t<div class=\"elementor-container elementor-column-gap-default\">\n\t\t\t\t\t<div class=\"elementor-column elementor-col-100 elementor-top-column elementor-element elementor-element-0ad1200\" data-id=\"0ad1200\" data-element_type=\"column\">\n\t\t\t<div class=\"elementor-widget-wrap elementor-element-populated\">\n\t\t\t\t\t\t\t\t<div class=\"elementor-element elementor-element-3361b9d elementor-widget elementor-widget-text-editor\" data-id=\"3361b9d\" data-element_type=\"widget\" data-widget_type=\"text-editor.default\">\n\t\t\t\t<div class=\"elementor-widget-container\">\n\t\t\t\t\t\t\t<div><p>Notre refus inn\u00e9 de l\u2019immobilisme nous insuffle un d\u00e9sir profond de changement, de d\u00e9passement du statuquo et de remise en cause\u00a0 de l\u2019existant. Nous nous indignons \u00ab\u00a0naturellement\u00a0\u00bb contre des situations qui nous paraissent aberrantes ou insupportables par leur n\u00e9gativit\u00e9 ou in\u00e9quit\u00e9\u2026<\/p><p>Mais peu d\u2019entre nous prennent le temps d\u2019aller au-del\u00e0,\u00a0 jusqu\u2019\u00e0 identifier le v\u00e9ritable ennemi derri\u00e8re ces aberrations. Cette clarification est pourtant n\u00e9cessaire pour\u00a0 livrer le bon combat.<\/p><\/div><div><div><p>En l\u2019occurrence mon combat a toujours \u00e9t\u00e9 clairement et pr\u00e9cis\u00e9ment, contre\u00a0: :<\/p><ul><li><strong>L\u2019IGNORANCE ; <br \/><\/strong><\/li><li><strong>L&rsquo;ARROGANCE ;<\/strong><\/li><li><strong>LA R\u00c9SIGNATION ;<\/strong><\/li><li><strong>LA M\u00c9DIOCRIT\u00c9<\/strong> d\u00e9lib\u00e9r\u00e9e ;<\/li><li><strong>L\u2019IRRESPONSABILIT\u00c9<\/strong> (inconscience ou victimisation) ;<\/li><li><strong>LA CONFUSION<\/strong> (des moyens et des fins, voire absence de finalit\u00e9s, de rep\u00e8res \u2026), l\u2019ALIENATION et \u00a0LE STRESS\u00a0;<\/li><li><strong>LA FAUSSET\u00c9<\/strong>, <strong>LA N\u00c9GATIVIT\u00c9 et L\u2019ABSURDIT\u00c9 <\/strong>sous toutes ses formes (perte de temps, d\u2019\u00e9nergie, d\u2019argent, de talents, de qualit\u00e9 de vie, perte de sens\u2026);<\/li><\/ul><\/div><\/div><div><div><p>Je suis sinc\u00e8rement <strong>INDIGN\u00c9<\/strong> par le nombre consid\u00e9rable de personnes qui passent aveugl\u00e9ment \u00e0 c\u00f4t\u00e9 de leur vie, qui vivent une vie par d\u00e9faut ou dans les pr\u00e9paratifs et l\u2019attente d\u2019une vie ult\u00e9rieure qui ne vient le plus souvent jamais.<\/p><\/div><\/div>\t\t\t\t\t\t<\/div>\n\t\t\t\t<\/div>\n\t\t\t\t<div class=\"elementor-element elementor-element-eff6a9d elementor-widget elementor-widget-text-editor\" data-id=\"eff6a9d\" data-element_type=\"widget\" data-widget_type=\"text-editor.default\">\n\t\t\t\t<div class=\"elementor-widget-container\">\n\t\t\t\t\t\t\t<div><div><p>Le r\u00e9sultat de tout ceci \u00a0est :<\/p><p><strong>UN G\u00c2CHIS, UN GASPILLAGE, UNE PERTE<\/strong> \u00a0<strong>incommensurable de talents <\/strong>insoup\u00e7onn\u00e9s, inactiv\u00e9s et perdus \u00e0 jamais, <strong>de qualit\u00e9 de vie et de vie<\/strong> tout court.<br \/>De nos jours, on prend plus soin de sa voiture ou de son t\u00e9l\u00e9phone portable que du choix de sa vie.<strong><br \/>C\u2019est absurde<\/strong>\u00a0! Cela m\u2019indigne et me r\u00e9volte tr\u00e8s profond\u00e9ment.\u00a0 Cela doit nous interpeller tous. Au plus haut point.<\/p><\/div><\/div>\t\t\t\t\t\t<\/div>\n\t\t\t\t<\/div>\n\t\t\t\t<div class=\"elementor-element elementor-element-8bc2955 elementor-widget elementor-widget-text-editor\" data-id=\"8bc2955\" data-element_type=\"widget\" data-widget_type=\"text-editor.default\">\n\t\t\t\t<div class=\"elementor-widget-container\">\n\t\t\t\t\t\t\t<div><div><p><strong><span style=\"text-decoration: underline;\"><u>Mon cri de combat est<\/u> du fond du c\u0153ur\u00a0:<\/span><span style=\"text-decoration: underline;\"><br \/><\/span><\/strong><br \/><strong>STOP AU G\u00c2CHIS <br \/>DE TALENTS, DE GISEMENTS DE CR\u00c9ATIVIT\u00c9\u00a0et DE VIES HUMAINES!<\/strong><br \/><br \/><\/p><\/div><\/div>\t\t\t\t\t\t<\/div>\n\t\t\t\t<\/div>\n\t\t\t\t\t<\/div>\n\t\t<\/div>\n\t\t\t\t\t\t\t<\/div>\n\t\t<\/section>\n\t\t\t\t<section class=\"elementor-section elementor-top-section elementor-element elementor-element-690a1aa elementor-section-boxed elementor-section-height-default elementor-section-height-default\" data-id=\"690a1aa\" data-element_type=\"section\">\n\t\t\t\t\t\t<div class=\"elementor-container elementor-column-gap-default\">\n\t\t\t\t\t<div class=\"elementor-column elementor-col-50 elementor-top-column elementor-element elementor-element-b6afd1d\" data-id=\"b6afd1d\" data-element_type=\"column\">\n\t\t\t<div class=\"elementor-widget-wrap elementor-element-populated\">\n\t\t\t\t\t\t\t\t<div class=\"elementor-element elementor-element-2775a49 elementor-widget elementor-widget-text-editor\" data-id=\"2775a49\" data-element_type=\"widget\" data-widget_type=\"text-editor.default\">\n\t\t\t\t<div class=\"elementor-widget-container\">\n\t\t\t\t\t\t\t<p>\u00ab Les seuls combats perdus d&rsquo; avance sont ceux qu&rsquo; on refuse de livrer. \u00bb<\/p>\t\t\t\t\t\t<\/div>\n\t\t\t\t<\/div>\n\t\t\t\t\t<\/div>\n\t\t<\/div>\n\t\t\t\t<div class=\"elementor-column elementor-col-50 elementor-top-column elementor-element elementor-element-9c450fd\" data-id=\"9c450fd\" data-element_type=\"column\">\n\t\t\t<div class=\"elementor-widget-wrap elementor-element-populated\">\n\t\t\t\t\t\t\t\t<div class=\"elementor-element elementor-element-4f7659f elementor-widget elementor-widget-text-editor\" data-id=\"4f7659f\" data-element_type=\"widget\" data-widget_type=\"text-editor.default\">\n\t\t\t\t<div class=\"elementor-widget-container\">\n\t\t\t\t\t\t\t<p>Christian Lehmann<\/p>\t\t\t\t\t\t<\/div>\n\t\t\t\t<\/div>\n\t\t\t\t\t<\/div>\n\t\t<\/div>\n\t\t\t\t\t\t\t<\/div>\n\t\t<\/section>\n\t\t\t\t<section class=\"elementor-section elementor-top-section elementor-element elementor-element-fd9f362 elementor-section-boxed elementor-section-height-default elementor-section-height-default\" data-id=\"fd9f362\" data-element_type=\"section\">\n\t\t\t\t\t\t<div class=\"elementor-container elementor-column-gap-default\">\n\t\t\t\t\t<div class=\"elementor-column elementor-col-50 elementor-top-column elementor-element elementor-element-738df9e\" data-id=\"738df9e\" data-element_type=\"column\">\n\t\t\t<div class=\"elementor-widget-wrap elementor-element-populated\">\n\t\t\t\t\t\t\t\t<div class=\"elementor-element elementor-element-e6505a7 elementor-widget elementor-widget-text-editor\" data-id=\"e6505a7\" data-element_type=\"widget\" data-widget_type=\"text-editor.default\">\n\t\t\t\t<div class=\"elementor-widget-container\">\n\t\t\t\t\t\t\t<p>\u00ab Lorsque j&rsquo; engage un combat, il ne me vient pas \u00e0 l&rsquo; id\u00e9e que je puisse le perdre \u00bb<\/p>\t\t\t\t\t\t<\/div>\n\t\t\t\t<\/div>\n\t\t\t\t\t<\/div>\n\t\t<\/div>\n\t\t\t\t<div class=\"elementor-column elementor-col-50 elementor-top-column elementor-element elementor-element-8722bbe\" data-id=\"8722bbe\" data-element_type=\"column\">\n\t\t\t<div class=\"elementor-widget-wrap elementor-element-populated\">\n\t\t\t\t\t\t\t\t<div class=\"elementor-element elementor-element-17e4a93 elementor-widget elementor-widget-text-editor\" data-id=\"17e4a93\" data-element_type=\"widget\" data-widget_type=\"text-editor.default\">\n\t\t\t\t<div class=\"elementor-widget-container\">\n\t\t\t\t\t\t\t<p>Jacques Chirac<\/p>\t\t\t\t\t\t<\/div>\n\t\t\t\t<\/div>\n\t\t\t\t\t<\/div>\n\t\t<\/div>\n\t\t\t\t\t\t\t<\/div>\n\t\t<\/section>\n\t\t\t\t\t\t\t<\/div>\n\t\t","protected":false},"excerpt":{"rendered":"<p>Mon combat \u00ab Pour gagner leur vie, les hommes oublient de vivre.\u00bb Margaret Fuller \u00ab Ils sont comp\u00e9tents, occup\u00e9s, press\u00e9s mais ne vivent pas du tout.\u00bb Anne Morrow Lindbergh \u00ab La vie&#8230;, c&rsquo;est une eau que les jeunes gens laissent couler, sans le savoir, entre leurs doigts ouverts \u00bb Jean Anouilh Notre refus inn\u00e9 de&hellip;&nbsp;<a href=\"https:\/\/hassanbousbaa.com\/index.php\/mon-combat\/\" class=\"\" rel=\"bookmark\">Lire la suite &raquo;<span class=\"screen-reader-text\">Mon combat<\/span><\/a><\/p>\n","protected":false},"author":1,"featured_media":0,"parent":0,"menu_order":0,"comment_status":"closed","ping_status":"closed","template":"page-templates\/template-pagebuilder-full-width.php","meta":{"neve_meta_sidebar":"","neve_meta_container":"","neve_meta_enable_content_width":"","neve_meta_content_width":0,"neve_meta_title_alignment":"","neve_meta_author_avatar":"","neve_post_elements_order":"","neve_meta_disable_header":"","neve_meta_disable_footer":"","neve_meta_disable_title":"","footnotes":""},"class_list":["post-11","page","type-page","status-publish","hentry"],"yoast_head":"<!-- This site is optimized with the Yoast SEO plugin v24.9 - https:\/\/yoast.com\/wordpress\/plugins\/seo\/ -->\n<title>Mon combat - Hassan Bousbaa<\/title>\n<meta name=\"robots\" content=\"index, follow, max-snippet:-1, max-image-preview:large, max-video-preview:-1\" \/>\n<link rel=\"canonical\" href=\"https:\/\/hassanbousbaa.com\/index.php\/mon-combat\/\" \/>\n<meta property=\"og:locale\" content=\"fr_FR\" \/>\n<meta property=\"og:type\" content=\"article\" \/>\n<meta property=\"og:title\" content=\"Mon combat - Hassan Bousbaa\" \/>\n<meta property=\"og:description\" content=\"Mon combat \u00ab Pour gagner leur vie, les hommes oublient de vivre.\u00bb Margaret Fuller \u00ab Ils sont comp\u00e9tents, occup\u00e9s, press\u00e9s mais ne vivent pas du tout.\u00bb Anne Morrow Lindbergh \u00ab La vie&#8230;, c&rsquo;est une eau que les jeunes gens laissent couler, sans le savoir, entre leurs doigts ouverts \u00bb Jean Anouilh Notre refus inn\u00e9 de&hellip;&nbsp;Lire la suite &raquo;Mon combat\" \/>\n<meta property=\"og:url\" content=\"https:\/\/hassanbousbaa.com\/index.php\/mon-combat\/\" \/>\n<meta property=\"og:site_name\" content=\"Hassan Bousbaa\" \/>\n<meta property=\"article:modified_time\" content=\"2021-05-01T14:18:51+00:00\" \/>\n<meta property=\"og:image\" content=\"https:\/\/hassanbousbaa.com\/wp-content\/uploads\/2020\/11\/alps-3037996_1920-Copie-1024x329.jpg\" \/>\n<meta name=\"twitter:card\" content=\"summary_large_image\" \/>\n<meta name=\"twitter:label1\" content=\"Dur\u00e9e de lecture estim\u00e9e\" \/>\n\t<meta name=\"twitter:data1\" content=\"2 minutes\" \/>\n<script type=\"application\/ld+json\" class=\"yoast-schema-graph\">{\"@context\":\"https:\/\/schema.org\",\"@graph\":[{\"@type\":\"WebPage\",\"@id\":\"https:\/\/hassanbousbaa.com\/index.php\/mon-combat\/\",\"url\":\"https:\/\/hassanbousbaa.com\/index.php\/mon-combat\/\",\"name\":\"Mon combat - Hassan Bousbaa\",\"isPartOf\":{\"@id\":\"https:\/\/hassanbousbaa.com\/#website\"},\"primaryImageOfPage\":{\"@id\":\"https:\/\/hassanbousbaa.com\/index.php\/mon-combat\/#primaryimage\"},\"image\":{\"@id\":\"https:\/\/hassanbousbaa.com\/index.php\/mon-combat\/#primaryimage\"},\"thumbnailUrl\":\"https:\/\/hassanbousbaa.com\/wp-content\/uploads\/2020\/11\/alps-3037996_1920-Copie-1024x329.jpg\",\"datePublished\":\"2020-10-30T17:17:18+00:00\",\"dateModified\":\"2021-05-01T14:18:51+00:00\",\"breadcrumb\":{\"@id\":\"https:\/\/hassanbousbaa.com\/index.php\/mon-combat\/#breadcrumb\"},\"inLanguage\":\"fr-FR\",\"potentialAction\":[{\"@type\":\"ReadAction\",\"target\":[\"https:\/\/hassanbousbaa.com\/index.php\/mon-combat\/\"]}]},{\"@type\":\"ImageObject\",\"inLanguage\":\"fr-FR\",\"@id\":\"https:\/\/hassanbousbaa.com\/index.php\/mon-combat\/#primaryimage\",\"url\":\"https:\/\/hassanbousbaa.com\/wp-content\/uploads\/2020\/11\/alps-3037996_1920-Copie.jpg\",\"contentUrl\":\"https:\/\/hassanbousbaa.com\/wp-content\/uploads\/2020\/11\/alps-3037996_1920-Copie.jpg\",\"width\":1920,\"height\":616},{\"@type\":\"BreadcrumbList\",\"@id\":\"https:\/\/hassanbousbaa.com\/index.php\/mon-combat\/#breadcrumb\",\"itemListElement\":[{\"@type\":\"ListItem\",\"position\":1,\"name\":\"Accueil\",\"item\":\"https:\/\/hassanbousbaa.com\/\"},{\"@type\":\"ListItem\",\"position\":2,\"name\":\"Mon combat\"}]},{\"@type\":\"WebSite\",\"@id\":\"https:\/\/hassanbousbaa.com\/#website\",\"url\":\"https:\/\/hassanbousbaa.com\/\",\"name\":\"Hassan Bousbaa\",\"description\":\"Hassan Bousbaa\",\"potentialAction\":[{\"@type\":\"SearchAction\",\"target\":{\"@type\":\"EntryPoint\",\"urlTemplate\":\"https:\/\/hassanbousbaa.com\/?s={search_term_string}\"},\"query-input\":{\"@type\":\"PropertyValueSpecification\",\"valueRequired\":true,\"valueName\":\"search_term_string\"}}],\"inLanguage\":\"fr-FR\"}]}<\/script>\n<!-- \/ Yoast SEO plugin. -->","yoast_head_json":{"title":"Mon combat - Hassan Bousbaa","robots":{"index":"index","follow":"follow","max-snippet":"max-snippet:-1","max-image-preview":"max-image-preview:large","max-video-preview":"max-video-preview:-1"},"canonical":"https:\/\/hassanbousbaa.com\/index.php\/mon-combat\/","og_locale":"fr_FR","og_type":"article","og_title":"Mon combat - Hassan Bousbaa","og_description":"Mon combat \u00ab Pour gagner leur vie, les hommes oublient de vivre.\u00bb Margaret Fuller \u00ab Ils sont comp\u00e9tents, occup\u00e9s, press\u00e9s mais ne vivent pas du tout.\u00bb Anne Morrow Lindbergh \u00ab La vie&#8230;, c&rsquo;est une eau que les jeunes gens laissent couler, sans le savoir, entre leurs doigts ouverts \u00bb Jean Anouilh Notre refus inn\u00e9 de&hellip;&nbsp;Lire la suite &raquo;Mon combat","og_url":"https:\/\/hassanbousbaa.com\/index.php\/mon-combat\/","og_site_name":"Hassan Bousbaa","article_modified_time":"2021-05-01T14:18:51+00:00","og_image":[{"url":"https:\/\/hassanbousbaa.com\/wp-content\/uploads\/2020\/11\/alps-3037996_1920-Copie-1024x329.jpg","type":"","width":"","height":""}],"twitter_card":"summary_large_image","twitter_misc":{"Dur\u00e9e de lecture estim\u00e9e":"2 minutes"},"schema":{"@context":"https:\/\/schema.org","@graph":[{"@type":"WebPage","@id":"https:\/\/hassanbousbaa.com\/index.php\/mon-combat\/","url":"https:\/\/hassanbousbaa.com\/index.php\/mon-combat\/","name":"Mon combat - Hassan Bousbaa","isPartOf":{"@id":"https:\/\/hassanbousbaa.com\/#website"},"primaryImageOfPage":{"@id":"https:\/\/hassanbousbaa.com\/index.php\/mon-combat\/#primaryimage"},"image":{"@id":"https:\/\/hassanbousbaa.com\/index.php\/mon-combat\/#primaryimage"},"thumbnailUrl":"https:\/\/hassanbousbaa.com\/wp-content\/uploads\/2020\/11\/alps-3037996_1920-Copie-1024x329.jpg","datePublished":"2020-10-30T17:17:18+00:00","dateModified":"2021-05-01T14:18:51+00:00","breadcrumb":{"@id":"https:\/\/hassanbousbaa.com\/index.php\/mon-combat\/#breadcrumb"},"inLanguage":"fr-FR","potentialAction":[{"@type":"ReadAction","target":["https:\/\/hassanbousbaa.com\/index.php\/mon-combat\/"]}]},{"@type":"ImageObject","inLanguage":"fr-FR","@id":"https:\/\/hassanbousbaa.com\/index.php\/mon-combat\/#primaryimage","url":"https:\/\/hassanbousbaa.com\/wp-content\/uploads\/2020\/11\/alps-3037996_1920-Copie.jpg","contentUrl":"https:\/\/hassanbousbaa.com\/wp-content\/uploads\/2020\/11\/alps-3037996_1920-Copie.jpg","width":1920,"height":616},{"@type":"BreadcrumbList","@id":"https:\/\/hassanbousbaa.com\/index.php\/mon-combat\/#breadcrumb","itemListElement":[{"@type":"ListItem","position":1,"name":"Accueil","item":"https:\/\/hassanbousbaa.com\/"},{"@type":"ListItem","position":2,"name":"Mon combat"}]},{"@type":"WebSite","@id":"https:\/\/hassanbousbaa.com\/#website","url":"https:\/\/hassanbousbaa.com\/","name":"Hassan Bousbaa","description":"Hassan Bousbaa","potentialAction":[{"@type":"SearchAction","target":{"@type":"EntryPoint","urlTemplate":"https:\/\/hassanbousbaa.com\/?s={search_term_string}"},"query-input":{"@type":"PropertyValueSpecification","valueRequired":true,"valueName":"search_term_string"}}],"inLanguage":"fr-FR"}]}},"jetpack_sharing_enabled":true,"_links":{"self":[{"href":"https:\/\/hassanbousbaa.com\/index.php\/wp-json\/wp\/v2\/pages\/11","targetHints":{"allow":["GET"]}}],"collection":[{"href":"https:\/\/hassanbousbaa.com\/index.php\/wp-json\/wp\/v2\/pages"}],"about":[{"href":"https:\/\/hassanbousbaa.com\/index.php\/wp-json\/wp\/v2\/types\/page"}],"author":[{"embeddable":true,"href":"https:\/\/hassanbousbaa.com\/index.php\/wp-json\/wp\/v2\/users\/1"}],"replies":[{"embeddable":true,"href":"https:\/\/hassanbousbaa.com\/index.php\/wp-json\/wp\/v2\/comments?post=11"}],"version-history":[{"count":52,"href":"https:\/\/hassanbousbaa.com\/index.php\/wp-json\/wp\/v2\/pages\/11\/revisions"}],"predecessor-version":[{"id":808,"href":"https:\/\/hassanbousbaa.com\/index.php\/wp-json\/wp\/v2\/pages\/11\/revisions\/808"}],"wp:attachment":[{"href":"https:\/\/hassanbousbaa.com\/index.php\/wp-json\/wp\/v2\/media?parent=11"}],"curies":[{"name":"wp","href":"https:\/\/api.w.org\/{rel}","templated":true}]}}